ate the greatest common factor of d and 20.
5
Let i = 76 - -224. Let g = -212 + i. Let x be 0 + 2 + (0 - -20). Calculate the highest common divisor of x and g.
22
Let w(t) be the third derivative of -t**4/24 - t**2. Let g be w(-12). Calculate the greatest common factor of 108 and g.
12
Suppose -2*c + 5*r - 2*r + 42 = 0, 3*c - 64 = 5*r. Suppose -t - 4*g = -5*t + 380, 170 = 2*t + 2*g. Calculate the highest common factor of c and t.
18
Suppose -d - 2*r + 3*r - 1 = 0, 0 = -r + 4. Suppose 49 = 4*m - 31. Suppose 0 = -3*t - m + 47. What is the greatest common divisor of d and t?
3
Let v(h) = -4*h**3 + 2*h**2 - h + 1. Let z be v(-3). What is the highest common divisor of z and 40?
10
Let u be 4 - (-2)/4*-2 - -237. Calculate the highest common divisor of u and 15.
15
Let i(w) = -3*w + 20. Let x be i(0). Let g = -21 + x. Let d be g/(-3)*0 + 2. What is the highest common factor of d and 14?
2
Let m = 62 - 123. Let j = m - -65. Calculate the greatest common divisor of 10 and j.
2
Suppose -81 = -3*a + 111. Suppose 4*m = 3*m + 8. What is the greatest common factor of a and m?
8
Suppose 4*z - 2*z - 1224 = -3*g, -2027 = -5*g + z. What is the highest common divisor of g and 14?
14
Suppose -4*q + 5*q = 6. Let f be 3*((-700)/q)/(-7). Calculate the greatest common factor of f and 5.
5
Let y be -10*((-11)/(-2))/1. Let o = -52 - y. Calculate the greatest common factor of 2 and o.
1
Let i = -9 - -15. Suppose -3*q = -2*x - 6*q - 27, 4*x - 5*q = 1. Let j be (-6 - (x - -3)) + 21. Calculate the highest common divisor of j and i.
6
Let r be (-740)/(-222) + (-1)/3. Calculate the highest common divisor of r and 159.
3
Let f = -52 - -60. Let o(u) = 15*u - 2. Let k be o(6). What is the highest common divisor of f and k?
8
Suppose 0 = -3*q - 5*d + 89, -5*d + 0*d - 72 = -4*q. Suppose -t = -1 - 6. Suppose -t*j = -884 + 240. Calculate the greatest common divisor of j and q.
23
Suppose -17 = -4*o + o + 2*r, -30 = -5*o + 3*r. Let f = -174 - -273. Calculate the highest common factor of f and o.
9
Let m(b) = -27*b - 362. Let n be m(-14). Calculate the highest common divisor of n and 152.
8
Suppose -k + 4 = -12. Let r = 23 - k. Calculate the greatest common factor of r and 28.
7
Let z(g) be the third derivative of g**5/30 + g**4/8 - g**3 - 38*g**2. Let j be z(-4). Calculate the highest common divisor of 42 and j.
14
Let r(f) = -45*f. Let t be r(1). Let m = 63 + t. What is the highest common factor of 2 and m?
2
Let o be (6 - 11) + 3 + 6. Calculate the highest common divisor of 16 and o.
4
Let f = -1257 - -1309. What is the highest common divisor of 338 and f?
26
Let a be 9 + (1738 - (-3 - -1)). Calculate the highest common divisor of a and 53.
53
Let h = 1 + 41. What is the greatest common divisor of 28 and h?
14
Let j(z) = 4*z - 11. Let h be j(3). Let q be (6*h)/(10 + -8) + 85. What is the highest common factor of 11 and q?
11
Let s(g) = g**3 + g - 9. Let h be s(2). What is the highest common divisor of h and 7?
1
Let a(p) = -37*p - 227. Let u be a(-7). Calculate the greatest common factor of 2144 and u.
32
Let i = 844 - 814. Calculate the greatest common factor of 10 and i.
10
Let d(n) = n**2 - 9*n + 11. Let k be d(8). What is the greatest common factor of 1 and k?
1
Let j(n) = -n**2 + 6*n - 4. Let i be j(3). Suppose f = 1 - i, -3*f + 564 = -4*s. Let b be (s/45)/((-2)/20). What is the highest common factor of b and 16?
16
Suppose -131*k + 112*k + 418 = 0. Calculate the highest common divisor of k and 297.
11
Let s be 1/2 - 21132/(-72). Calculate the greatest common factor of 490 and s.
98
Let a be (-9)/18 + (-190)/4. Let l = a - -75. What is the greatest common divisor of 297 and l?
27
Let f(u) = -u**3 - 9*u**2 - 11*u + 39. Let i be f(-7). Suppose k = 5*m - 89, 0 = 2*m - 2*k - 17 - 17. Calculate the greatest common divisor of i and m.
18
Let i be (2 - -1)/((-6)/(-16)). Suppose -4*s - 12 = 0, 0 = -0*m - 3*m + 5*s - 663. Let t = -138 - m. Calculate the highest common factor of t and i.
8
Suppose -3*g = -13 - 32. Let r be ((-3)/9)/(2/(-18)). Let k be (10/r)/((-2)/(-9)). What is the greatest common factor of k and g?
15
Suppose 0 = 8*z - 174 - 42. Suppose -99 = -6*d - z. What is the highest common divisor of d and 36?
12
Let d be (2/3)/(6/1386). Let h be ((504/(-30))/(-3))/(2/5). What is the greatest common factor of d and h?
14
Suppose -25 = -5*y + 15. Suppose 0 = -u - u + y. Suppose 5*i = -20, -4*j + 0*i + u*i + 40 = 0. Calculate the greatest common divisor of j and 18.
6
Suppose -2*r = 5*g - g - 24, 4*r + 3*g = 58. Let w(j) = r + 2*j - j - 4*j - 1. Let i be w(-10). Calculate the highest common divisor of i and 30.
15
Let t = -6 + 9. Suppose 1 = -x + 2. Let j be (-7)/(x + t/(-2)). Calculate the highest common factor of 154 and j.
14
Let o(c) = 5*c + 3. Let w be o(-2). Let m be (-22 - w)*3/(-1). Let g be ((-60)/(-35))/(2/21). Calculate the greatest common divisor of m and g.
9
Let q be 3 - (4 + 29/(-1)). Suppose q*d - 7 = 27*d. What is the highest common factor of 133 and d?
7
Let v be -2*(4/(-2) + 1). Suppose 244 = d - 2*t - t, v*d + 4*t - 528 = 0. Calculate the greatest common factor of 32 and d.
32
Suppose -4*d + o + 0*o = -424, 5*o = d - 125. Let h = -63 + d. Calculate the highest common divisor of h and 252.
42
Suppose -14 = -h - 0*g - 4*g, -31 = -2*h - 5*g. Let y be (-1 - 10/2)*(-48)/h. Calculate the greatest common factor of 48 and y.
16
Let b(s) = s**3 - 14*s**2 + 31. Let d(g) = 2*g**3 - 28*g**2 - g + 61. Let c(h) = 5*b(h) - 3*d(h). Let u be c(14). What is the highest common divisor of u and 7?
7
Let a(d) be the first derivative of 4/3*d**3 + 5 + 2*d**2 + 0*d. Let j be a(-3). Calculate the greatest common divisor of j and 6.
6
Suppose 0 = -3*d + 156 + 276. Let k(j) = 21*j**2 - 2*j - 1. Let c be k(1). What is the greatest common factor of d and c?
18
Let j = 29 + -29. Suppose j*c - 42 = -3*c. What is the greatest common divisor of c and 112?
14
Let r = -361 + 364. Let p(z) = z**3 + 6*z**2 - z - 1. Let l be p(-6). Calculate the highest common factor of r and l.
1
Let f = -56 - -143. Suppose 3*c + 3*x = x + f, -3*c = 4*x - 81. What is the greatest common factor of c and 93?
31
Let b be 4*(3 + -6 + (3 - -6)). Let l be 1 + 61 + (-2 - 0). Calculate the highest common divisor of b and l.
12
Suppose -16*s + 1561 + 375 = 0. Let g be 0/(-3 - -4)*-1. Suppose 6*w - 2*w - 44 = g. What is the highest common divisor of s and w?
11
Let k be ((-46)/(-2))/(1/7). Let a(s) = 2*s**3 + 21*s**2 + 51*s + 3. Let r be a(-5). Calculate the greatest common factor of k and r.
23
Suppose 282 = 3*k + 75. Let z(u) = -u + u + 7*u + 0*u + 4. Let w be z(6). Calculate the greatest common divisor of k and w.
23
Suppose -8 = -r - 1. Suppose -397 = -r*g - 40. What is the greatest common factor of 17 and g?
17
Let r = -27 + 26. Let x be 4*r*2453/(-22). Let j = x + -262. What is the highest common divisor of j and 23?
23
Suppose 5*f = x - 3*x - 41, -44 = 5*f + 3*x. Let n(o) = -o**2 - 13*o - 9 + 4 - 1 + 3*o. Let c be n(f). What is the highest common factor of 105 and c?
15
Let i be (-1)/(1/(-3 - 2)). Let k be 1/(i - (-16)/(-4)). Let f = 31 + k. Calculate the highest common factor of 32 and f.
32
Suppose -3*u + 1473 - 198 = 0. Calculate the highest common factor of 17 and u.
17
Suppose 21 = -2*w - 43. Let b be (4/(w/(-12)))/((-6)/(-56)). What is the greatest common divisor of 42 and b?
14
Let v(x) = -x**3 - x**2. Let q(n) = -3*n**3 - 6*n**2 + 4*n - 1. Let s(y) = q(y) - 2*v(y). Let w be s(-5). What is the greatest common divisor of 2 and w?
2
Let q(b) = 151*b**2 - 29*b - 117. Let s be q(-4). What is the highest common factor of 105 and s?
105
Suppose 5*y = -3*h, 4*y = -5*h - 12 - 1. Let b be 0 - (1 + (-243)/y). What is the highest common factor of 10 and b?
10
Suppose -b = i - 2*b - 7, 0 = -4*i + 2*b + 30. Calculate the highest common divisor of 10 and i.
2
Let q be 20/3*(-19)/((-380)/984). What is the highest common divisor of q and 574?
82
Let k be (-1 + -967)*1/(-2). Let s = 724 - k. Calculate the greatest common divisor of s and 24.
24
Let w(s) = -18*s - 48. Let m be w(-9). What is the highest common divisor of m and 190?
38
Suppose -51 = -2*n - 10*z + 15*z, -21 = 3*z. Suppose 53 = 4*i - 27. Let m = i - 4. Calculate the highest common factor of m and n.
8
Let h be (-6)/(-18) + -2*(-22)/12. Suppose -4*l + 0*o + 